pose -2 = -3*z + f + 12, 0 = 5*z - t*f - 22. What is the units digit of z?
6
Let u be 4 - (10 + -4 + -5). What is the units digit of ((-1)/u)/(4/(-228))?
9
Suppose 0 = -99*x + 21*x + 171132. What is the hundreds digit of x?
1
Let g(y) = -8*y + 12. Suppose -5*h = -5*p + 50, 4*p + 4 = -5*h - 1. Let o be g(h). Let d = o - 28. What is the units digit of d?
4
Let n(i) = -186*i - 340. What is the tens digit of n(-32)?
1
Suppose 0 = 5*a - 2*r - 10109, 3*a + 2*r - 7985 = -1910. What is the hundreds digit of a?
0
Suppose -2*d = -3*y + 1196, 0*d - 3*d = -6. What is the tens digit of y?
0
Let i be (-7420)/5 + (2 - 3). What is the units digit of 4/5*i/(-27)?
4
Suppose 4*d - 2*d - 25 = -n, -4*d + 53 = 3*n. Suppose -15*b = -d*b - 472. What is the units digit of b?
8
Suppose 0 = 33*o - 11528 - 31867. What is the units digit of o?
5
Suppose -30 = s + 5*s. Let t(o) = -26*o - 15. What is the units digit of t(s)?
5
Let o(m) = m**3 - 9*m**2 + 9*m - 5. Let l be o(8). Suppose -l*g - 218 = 190. What is the units digit of g/(-22) + 6/(-33)?
6
Suppose -2*y - s = -4, 0 = 5*y + 2*s - 10 - 1. Let o be (14 + -10)*1*(-3)/(-4). What is the tens digit of 83/o + y/9?
2
Suppose -2*c + 3*c + 5*y - 507 = 0, 2*y = -2*c + 1046. What is the tens digit of c?
2
Let m(o) = -2*o + 5. Let n be m(4). Let h = n + 5. Suppose 0 = h*k, -4*k - 48 = 3*w - 5*w. What is the tens digit of w?
2
Suppose -160 = -4*o - o - 2*f, 3*f = -15. Let d = 36 - o. Suppose -d*s + 6*z + 94 = 2*z, -4*z = 5*s - 277. What is the units digit of s?
3
Let w(n) be the first derivative of n**5/120 - 4*n**3/3 - 6. Let u(h) be the third derivative of w(h). What is the units digit of u(1)?
1
Suppose 5*n = -0*y + 3*y + 19, 0 = -y - 2*n + 12. Let b = -189 + 191. Suppose f = 2*w + y, 3*f - b*w = -0*w + 18. What is the units digit of f?
8
Let a = -13 - -14. What is the units digit of a + 70 + (-63)/(-21)?
4
Suppose 2*l = -2*n + 42, -6*n + 4*l + 28 = -3*n. Suppose 2*a - n - 24 = 0. Suppose -c - 3*c = -j + a, -5*j = 3*c - 8. What is the units digit of j?
4
Suppose 334*z - 324*z = 4550. What is the units digit of z?
5
Let y = -51 - -169. Suppose -126 - y = -4*h. What is the units digit of h?
1
What is the hundreds digit of 1/(3366/(-25920) - (-4)/30)?
2
Let f(l) = l**2 + 29*l + 57. What is the units digit of f(-37)?
3
Suppose z = 3*f - 405, 62*f + 5*z = 59*f + 423. What is the hundreds digit of f?
1
Let r = -14 - -14. Let n(l) = l**3 + 40. What is the tens digit of n(r)?
4
Let c(j) = -j**2 - 6*j. Let k be c(-3). Suppose p - 53 = -k. Suppose 2*z + 18 = p. What is the tens digit of z?
1
Let m = 27 - 24. What is the units digit of (-3)/(m/41)*-1?
1
Let t(z) be the first derivative of 7*z**2/2 - 13*z - 39. What is the units digit of t(16)?
9
Let f(m) = 3*m - 1. Let d be f(4). Let v = d + -15. Let g(z) = z**3 + 7*z**2 + 2*z - 9. What is the tens digit of g(v)?
3
Let q be -1 - -1 - 3*-1. Suppose -q*i - 4*k + 202 = 0, 10*k + 104 = 2*i + 5*k. What is the units digit of i?
2
Let c = 141 - 23. Let r(w) = -8*w - 142. Let g be r(-28). Let d = c - g. What is the tens digit of d?
3
Let h = 3775 + -1377. What is the tens digit of h?
9
Suppose 9*t = 4*t + 5245. What is the thousands digit of t?
1
Let y(o) = o + 7*o + o + 7 - o - o**2. Let w be y(5). Suppose -2 = -r + w. What is the units digit of r?
4
Let g(d) = 2*d + 2. Let y be g(0). Suppose -3*q = -y*q. Suppose q = 3*l - 4*l + 20. What is the tens digit of l?
2
Suppose 0 = 5*s + 4 - 29. Suppose 4*h - 9*h - 3*c = -304, -4*c = s*h - 307. What is the units digit of h?
9
Suppose -4*f + 237 = 13. Suppose -f - 142 = -6*k. What is the units digit of 5 + -3 + k/1?
5
Let o(l) = -4*l**3 - 80*l**2 - 25*l + 24. What is the tens digit of o(-20)?
2
Suppose 10 = 11*r - 6*r. Let h(d) = 3 + 0*d - d**2 - 3*d + 3*d**2. What is the units digit of h(r)?
5
Let y(m) = 5*m**2 - 5*m - 207. Let a(l) = -2*l**2 + 2*l + 69. Let p(s) = -8*a(s) - 3*y(s). What is the units digit of p(0)?
9
Let h(m) = 2*m - 26. Let x be 33 - 16 - (1 - 0). Let s be h(x). Suppose -69 = -7*w + s*w. What is the tens digit of w?
6
Suppose -9 - 6 = 2*p + 5*a, -2*p + a + 15 = 0. Suppose -3*z = 4*s - p*z - 70, 2*s - 17 = -5*z. What is the units digit of s?
6
Suppose -4 - 14 = -2*g. Suppose 0 = f + 2*t - g, 2*t = -5*f - 2*t + 33. Suppose -f*q = -88 - 47. What is the units digit of q?
7
Let g(j) = 2*j**2 + 6*j. Let t be g(-5). Let a = t - 19. Suppose 33 - a = 4*z. What is the units digit of z?
8
What is the tens digit of (-387423)/(-486) - (-5)/6?
9
Suppose -5*s - f = -1451, -2*s + 391 = -5*f - 211. What is the tens digit of s?
9
Suppose -4*u = 2*x + 106, 21 = -x - 5*u - 26. Let q = x - -82. What is the tens digit of q?
2
Suppose 0 = 4*n - 2*n - 6. Suppose -4*z = -0*z - n*f - 333, -5*z = -2*f - 411. Suppose 3*a - 9 = z. What is the tens digit of a?
3
Suppose 0 = 2*k + 4, -3*k - 2*k = 2*c + 2. Let t be (46/6)/((-2)/(-18)). Suppose -c*o + t + 7 = 0. What is the tens digit of o?
1
Let h(n) = 1 + 0*n**2 - 4 + 2*n + 2*n**2 - n**2. Let z be h(-10). Suppose 6*o - 103 - z = 0. What is the units digit of o?
0
Let q(i) = 3*i**2 + i - 2. Let u be q(1). Suppose -4 = f, 3 = 3*o - u*f - 14. Suppose o*h - 5 = -k, 3*h - 2*h = 0. What is the units digit of k?
5
Let b = -290 + 668. What is the units digit of b?
8
Suppose 0 = 22*x - 28*x + 3270. What is the tens digit of x?
4
Suppose 0 = -5*f - 3*u + 28, -2*u - 3 = -f - 0*u. Suppose f*a = -2*q + 5*q + 844, -3*q - 9 = 0. What is the hundreds digit of a?
1
Let o(z) = z**3 - z**2 + z - 3. Let b be o(0). Let u(k) = -k**3 + 2*k**2 + 3*k. Let x be u(b). What is the units digit of ((-6)/(-4))/(6/x)?
9
Let y = 430 + 253. What is the hundreds digit of y?
6
Let n be 4 + 4 - (-8)/(-2). Suppose q - n*q = 3*s - 372, -536 = -4*s + 4*q. What is the hundreds digit of s?
1
Let y = 6153 - 3587. What is the units digit of y?
6
Let d(t) = -2*t - t**3 - 4*t**2 + 12*t**2 - t - 10. What is the tens digit of d(6)?
4
Suppose 15*s + 1839 = 3*u + 10*s, -s = 0. What is the units digit of u?
3
Let a = -25 - 0. What is the tens digit of (7 - a) + 0 + 0?
3
Let y(c) = 21*c**2 + 45*c - 276. What is the hundreds digit of y(6)?
7
Let c = -163 + 169. Let g be (9/12 + 2)*-4. Let j = c - g. What is the units digit of j?
7
Let q(t) = -74*t. Suppose 5 = -11*a + 6*a. What is the units digit of q(a)?
4
Let i be (-6)/(-36) + (-2)/12. Let k = -5 + i. What is the units digit of 5/k*(-30 + -1)?
1
Let y = 9 + 3. Let t be (y - -1) + (-8)/2. Suppose -3*l = -2*j - 63, -4*j + 90 = 3*l + t. What is the units digit of l?
3
Suppose -2*i + 259 = 3*g - 241, 3*g = -3*i + 744. What is the units digit of i?
4
Suppose -3*l + 8 = -4*p, -2*p + 11 = 4*l - 7*p. Suppose -5*q + l*z = -272, 3*z = -q + 60 - 17. What is the tens digit of q?
5
Let i(x) = -5 + x**3 - 1 + x**2 + 7. Let s(g) = -3*g**3 - 9*g**2 + 2*g - 14. Let j(t) = -2*i(t) - s(t). What is the units digit of j(-7)?
6
Let k be 116 + (-16)/(-6)*(-9)/(-6). Let a = k + -39. What is the units digit of a?
1
Let j be ((-8)/10)/(1/(-395)). Suppose 530 = 5*t - 0*z + 5*z, 3*t + 2*z = j. What is the units digit of t?
4
Let u(k) = k**2 + 10*k + 11. Let b be u(-9). Suppose -m + 2 - 7 = -4*c, -4*m = -b*c - 8. What is the units digit of 2 - c/((-2)/2)?
4
Let z(q) = q**3 + 10*q**2 - 2*q - 12. Let t = -10 - -9. Let f = t - 9. What is the units digit of z(f)?
8
Suppose -56 = -2*t + 6. Let v = t + -20. Suppose -v = -u - 1. What is the units digit of u?
0
Let c be (-81)/(-15) - (-4)/(-10). Let o be 6/(-15)*c/(-1). Suppose 5*s - 20 = 4*l, -4*s + o*l - 4*l = -42. What is the units digit of s?
8
Let y(f) = f**2 + 1. Let x be y(-1). Suppose 10*b - 18 = 2. Suppose -m + 4 = 2*n, b*n + 2*m + x = 4. What is the units digit of n?
3
Suppose 3*z - 3*h = 756, -498 = -2*z - 0*h + 4*h. Suppose 7*q = 2*q - 2*p + 652, -2*q + 5*p + z = 0. What is the hundreds digit of q?
1
Suppose o - 5*o + 20 = 2*l, 5*l - 8 = 4*o. Suppose 5*t - 2*t = 2*r - 6, -r - 6 = o*t. Suppose -6 = -g + 5*s, g + 4*s = -r*s + 6. What is the units digit of g?
6
Let h = 133 + -42. Let w = 95 + h. What is the units digit of w?
6
Suppose 0 = -2*w + 3*w - 110. Suppose 0 = n - w - 44. What is the units digit of n?
4
Let b(d) = 2*d**2 + 14*d - 10. Suppose -5*w - 40 = -w + s, -5*s = -w - 10. What is the units digit of b(w)?
0
Let w(s) = -4*s**2 + 1. Let k be w(-2). Let h(v) = 0*v**2 - 11*v**2 